z - 2. Let a be d(x). What is the highest common factor of 11 and a?
11
Suppose -3*h + 18 - 59 = 5*y, -h = -2*y - 12. Let a = 34 + y. Calculate the greatest common factor of 36 and a.
9
Let u(t) = 92*t**3 + 2*t**2 - t. Let m be u(1). Let a = m - 81. What is the highest common divisor of a and 108?
12
Suppose 4*a - 968 - 660 = z, -4*z = 2*a - 814. Calculate the highest common factor of 111 and a.
37
Let f be (1 + (1 - -2))*46. What is the highest common divisor of 46 and f?
46
Suppose 4*z - 108 = 324. Calculate the greatest common divisor of 20 and z.
4
Suppose 0 = 19*t - 24*t + 2*h + 260, h = -5*t + 245. What is the highest common divisor of 425 and t?
25
Let l be -19 + 21 - (-2)/2*3. Calculate the greatest common divisor of 105 and l.
5
Let j(n) = 3*n - 2. Let f be j(6). Suppose -3*h - 110 = -674. Let o = h - 124. What is the highest common divisor of o and f?
16
Let z be -2 + (-27)/(-5) + (-39)/(-65). Suppose 2*q - 51 = -z*n + 49, q + n = 47. What is the greatest common factor of q and 66?
22
Suppose -2*i + 16 = -0*i. Suppose 0 = 25*p - 22*p - 192. What is the greatest common factor of p and i?
8
Let n = 3 + -11. Let l be (-2*(-76)/n)/(-1). Let i = l - 6. Calculate the greatest common factor of i and 13.
13
Suppose 629 = 3*i - 910. Calculate the highest common divisor of 38 and i.
19
Suppose 6*v + v - 6923 = 0. Calculate the highest common factor of 23 and v.
23
Let a be (-5 + (-120)/(-56))*-14. What is the highest common divisor of 760 and a?
40
Suppose 3*v + 5*n = 379, 0 = -8*n + 6*n - 2. What is the highest common factor of 8 and v?
8
Let w = -140 + 171. What is the greatest common factor of w and 31?
31
Let z(u) = 8*u - 91. Let v be z(13). Calculate the greatest common divisor of 1261 and v.
13
Suppose 8 = 4*w, 3*w = -c + w + 31. What is the greatest common factor of c and 171?
9
Suppose -16 + 7 = -3*x. Suppose -2 = -5*n - x*h + 1, -8 = 2*h. Suppose 1 = j - 0, -116 = -5*y + 4*j. What is the highest common divisor of y and n?
3
Let o = -5 + 9. Suppose -60 - 260 = -o*w. Let k be (1*2)/(8/w). Calculate the greatest common divisor of k and 100.
20
Suppose -107 = -j + 48. What is the greatest common factor of 31 and j?
31
Let b be (2 - (-31 - -1)) + (-2)/1. Let i(y) = 2*y**3 + 4*y**2 - 9*y + 7. Let f be i(3). Calculate the greatest common factor of f and b.
10
Suppose -314 = -6*y - 254. Calculate the greatest common factor of y and 2400.
10
Let d be 0/(-1) + (18 - -4). Let b(z) = -z**2 - 17*z + 8. Let i be b(-7). Let t = i + 120. What is the highest common divisor of d and t?
22
Suppose 0 = -11*i + 42 + 266. What is the greatest common factor of i and 532?
28
Suppose -w - 113 = w + 3*t, -4*w + 3*t = 199. Let v be -22*7/2 - -1. Let u = w - v. Calculate the greatest common factor of u and 36.
12
Let p be (18/2)/(165/1045). Calculate the highest common factor of p and 399.
57
Suppose 4*w = 5*a + 2*w - 25, -43 = -4*a - 3*w. What is the highest common divisor of 49 and a?
7
Let z be (-14 + 6/3)*-18. Suppose -3*x + 0*l = -l - 92, -5*l + 33 = 2*x. Suppose -x*c - 108 = -33*c. What is the greatest common divisor of z and c?
27
Suppose -2*q - 5*f = -2*f - 7, 4*q + 2*f - 10 = 0. Let d = -2 - -6. Suppose -d*t + 0 + 17 = -v, 0 = 3*v + 3. Calculate the highest common divisor of t and q.
2
Let h = -482 - -580. Calculate the highest common factor of 1421 and h.
49
Let w(l) = -l**3 - 3*l**2 + 37*l - 20. Let b be w(-9). Calculate the greatest common factor of b and 63.
7
Let r(z) = 5*z**2 - z + 10. Let t be r(2). What is the highest common divisor of t and 14?
14
Let v(k) = k**3 + 17*k**2 - 25*k - 120. Let z be v(-18). What is the greatest common divisor of 474 and z?
6
Let t be 349 - (-6)/4*(-16)/24. Suppose -5*x = -b + 105, -4*b + 0*b - 4*x + t = 0. What is the greatest common factor of 10 and b?
10
Let l(y) = -y**2 + 89*y - 1934. Let i be l(38). Let m be 164/10 + 4/(-10). Calculate the greatest common factor of m and i.
4
Let l be (2 - (-8 + 1 + 16)) + 97. Calculate the greatest common factor of 315 and l.
45
Let g(p) = 5*p + 1 + 5*p - 4*p. Let l be g(1). Suppose 0 = -37*b + 715 + 321. Calculate the greatest common factor of l and b.
7
Let t = -74 - -78. Suppose j = t*c - 3*j - 52, c = 5*j + 9. What is the greatest common factor of 1 and c?
1
Suppose -5*h + 20 = 0, 15*u - 4*h - 20 = 11*u. What is the highest common divisor of 603 and u?
9
Let x(l) = 21*l**2 + 362*l - 10. Let f be x(-18). Calculate the highest common factor of f and 973.
139
Suppose 5*h - 49 - 132 = b, -4*h = -4*b - 148. Suppose -4*r - h = 488. Let p = 191 + r. Calculate the highest common divisor of p and 24.
12
Suppose 704 = 6*k - 124. Calculate the greatest common factor of 46 and k.
46
Let c = 6 - -9. Suppose 2*t - 6 + 21 = o, 5*t - c = -5*o. What is the highest common factor of o and 28?
7
Suppose 18 = 2*k + 2*q, -3*q + 7*q + 55 = 3*k. Let l be 275/7 + (-4)/14. Calculate the highest common factor of l and k.
13
Let t(k) = 84*k - 3. Let v be t(2). Let j = 22 - 227. Let f = -139 - j. What is the greatest common divisor of f and v?
33
Let b(n) = n**2 + 2*n - 3. Let r be b(6). Let s be (1 + 1)/(-6 + 504/81). What is the highest common divisor of s and r?
9
Let h = 96 - 95. Let k be (15 - h)*36/(-21)*-4. What is the greatest common factor of 24 and k?
24
Suppose 24 = -33*f + 34*f. What is the highest common divisor of 4 and f?
4
Suppose 0 = z - 2*z + 2*q + 35, 0 = 4*z - 5*q - 137. Suppose 0*o - z = -o. What is the highest common divisor of 22 and o?
11
Let h be 1/2 - 1356/(-24). Let r = h + -33. Suppose 5*m - r = 21. What is the greatest common divisor of 9 and m?
9
Let n(u) = 5*u**2 - 3*u + 3. Suppose 5*o - 19 = -4. Let x be n(o). Calculate the highest common divisor of x and 39.
39
Let z be (-12)/(-15)*((-9800)/16)/(-5). Let o(d) = 3*d**2 + d. Let v be o(2). Calculate the highest common factor of z and v.
14
Let r(u) = 189*u + 1. Let w be r(1). Let d be (-346)/(-9) - (-696)/(-1566). What is the greatest common divisor of d and w?
38
Suppose -l - 156 = -144*w + 143*w, -3*w - 2*l = -468. What is the highest common factor of w and 36?
12
Let n = 27 + -16. Let j = 5 - 9. Let d = n - j. Calculate the highest common divisor of 15 and d.
15
Let u(w) = -w**2 + 9*w + 4. Let d be u(9). Suppose -y + 4 = -d. Let x = -115 + 203. What is the greatest common divisor of y and x?
8
Suppose -96 - 69 = -3*r + v, 5*v = -2*r + 127. Suppose -q + i + 11 = 0, 0 = -4*q - i - 2*i + 16. Calculate the highest common divisor of q and r.
7
Let x(d) = 2*d**3 - 24*d**2 + 4*d - 28. Let l be x(12). What is the highest common divisor of 12 and l?
4
Let g be (-9)/6*(5 - 7). Let k be (-1*g)/((-39)/(-52)). Let h be 0*(-1)/k - -14. What is the greatest common divisor of h and 2?
2
Suppose 4*x + 8 = 3*q - 48, x = 2*q - 39. What is the greatest common factor of 440 and q?
20
Let w(h) = 8*h**2 + 2*h**2 + h - 12*h**2. Let n be w(3). Let i = n + 26. Calculate the greatest common factor of i and 22.
11
Suppose -19*c - 10*c + 2233 = 0. Calculate the greatest common factor of c and 7.
7
Let q(l) = -l**2 + 5*l + 4. Let r be q(5). Let a(p) = 11*p + 6. Let v be a(r). Suppose -2*k + 26 = 6. Calculate the highest common factor of v and k.
10
Suppose -17*t + 5 = -16*t. Suppose 0 = t*r - 27 - 88. What is the greatest common divisor of r and 46?
23
Suppose -303*x + 48 = -301*x. What is the greatest common divisor of x and 444?
12
Let m = 28 + -13. Suppose 0 = -3*u + 60 - m. Let l = u + -3. Calculate the greatest common divisor of 12 and l.
12
Let a(z) = -2*z**2 - 20*z + 4. Let u be a(-8). What is the greatest common factor of 96 and u?
12
Suppose 2*j - 3 = 1. Suppose 0*k = -j*k - 2*p + 104, -168 = -3*k + p. Calculate the highest common divisor of k and 5.
5
Suppose -3*h + 9*h - 84 = 0. Let s = h - 5. What is the highest common factor of s and 72?
9
Suppose -3*w + t - 445 = 0, 0*w = -5*w + 5*t - 735. Let a = 23 - -186. Let i = w + a. Calculate the greatest common divisor of i and 20.
20
Suppose 171 = 4*x + 5*k - 8*k, x - 5*k = 47. What is the highest common divisor of x and 84?
42
Let p(v) = v**2 + 4*v + 10. Suppose 11*z + 2 = -53. Let x be p(z). Calculate the greatest common factor of 15 and x.
15
Let z = -47 - -143. Let v be (-72)/z + 83/4. What is the highest common factor of 5 and v?
5
Suppose h - 353 = -3*m, 4*m + 5*h - 444 = 9*h. Cal